{"id":857,"date":"2015-04-22T14:44:37","date_gmt":"2015-04-22T14:44:37","guid":{"rendered":"http:\/\/themes.pixelwars.org\/editor\/?page_id=857"},"modified":"2025-05-11T16:23:30","modified_gmt":"2025-05-11T22:23:30","slug":"about-me","status":"publish","type":"page","link":"https:\/\/espiralika.com\/?page_id=857","title":{"rendered":"Acerca de m\u00ed"},"content":{"rendered":"<p><img decoding=\"async\" loading=\"lazy\" class=\"wp-image-1251 size-medium aligncenter\" src=\"http:\/\/espiralika.com\/wp-content\/uploads\/2022\/11\/WhatsApp-Image-2022-11-19-at-8.24.07-PM-283x300.jpeg\" alt=\"\" width=\"283\" height=\"300\" srcset=\"https:\/\/espiralika.com\/wp-content\/uploads\/2022\/11\/WhatsApp-Image-2022-11-19-at-8.24.07-PM-283x300.jpeg 283w, https:\/\/espiralika.com\/wp-content\/uploads\/2022\/11\/WhatsApp-Image-2022-11-19-at-8.24.07-PM-966x1024.jpeg 966w, https:\/\/espiralika.com\/wp-content\/uploads\/2022\/11\/WhatsApp-Image-2022-11-19-at-8.24.07-PM-768x814.jpeg 768w, https:\/\/espiralika.com\/wp-content\/uploads\/2022\/11\/WhatsApp-Image-2022-11-19-at-8.24.07-PM-1000x1060.jpeg 1000w, https:\/\/espiralika.com\/wp-content\/uploads\/2022\/11\/WhatsApp-Image-2022-11-19-at-8.24.07-PM-500x530.jpeg 500w, https:\/\/espiralika.com\/wp-content\/uploads\/2022\/11\/WhatsApp-Image-2022-11-19-at-8.24.07-PM.jpeg 1098w\" sizes=\"(max-width: 283px) 100vw, 283px\" \/><\/p>\n<h2 class=\"section-title center\">ALICIA CH\u00c1VEZ<\/h2>\n<p>Mi conexi\u00f3n con las plantas es muy antigua, va m\u00e1s all\u00e1 de lo que yo recuerdo. Desde peque\u00f1a he sentido una fascinaci\u00f3n especial por la naturaleza y el universo. Mis abuelas siempre vivieron entre plantas (una en el campo y la otra en la ciudad), y desde peque\u00f1a tengo memorias de mi mam\u00e1 habl\u00e1ndole a los rosales y otras flores.\u00a0Llevo m\u00e1s de 10 a\u00f1os vincul\u00e1ndome con las plantas e involucr\u00e1ndome en temas de ecolog\u00eda y meditaci\u00f3n.<\/p>\n<p>En el 2020, mientras impart\u00eda un curso de huertos caseros, sent\u00ed la necesidad de replantearme la manera en la que me estaba vinculando con la Tierra y las plantas. Nuestra relaci\u00f3n ha sido de mucho amor y respeto, pero en ese moment era necesario llevar esa conexi\u00f3n a otro nivel, a uno m\u00e1s consciente y profundo. Unas semanas despu\u00e9s, haciendo una meditaci\u00f3n en un curso de Herbolaria Alqu\u00edmica, tuve inter\u00e9s en conectar con unos ajos que crec\u00edan en mi huerto. Me contestaron unas s\u00e1bilas, y me hablaron tan amorosamente, que varias l\u00e1grimas cayeron por mis mejillas. En ese tiempo, mi huerto y mi jard\u00edn no estaban en su mejor momento, sent\u00eda que los hab\u00eda descuidado un poco. Les expres\u00e9 (a las s\u00e1bilas) c\u00f3mo me sent\u00eda y ellas, cari\u00f1osa y compasivamente, me impulsaron a retomar labores en el jard\u00edn.<\/p>\n<p>A partir de ese d\u00eda mi comunicaci\u00f3n con las plantas ha sido m\u00e1s continua y cercana. Me han compartido distintos mensajes, canciones, geometr\u00edas, sanaciones, meditaciones e incluso me han sugerido cursos. Mi percepci\u00f3n cada vez crece m\u00e1s, al igual que mi conexi\u00f3n. Cada encuentro es \u00fanico, y me lleva a descubrir una parte de mi ser que antes no conoc\u00eda.<\/p>\n<p>El contacto con la (mi) Naturaleza me llev\u00f3 desarrollar una meditaci\u00f3n que yo llamo &#8220;Armonizaci\u00f3n Alqu\u00edmica&#8221;, con la cual, mediante t\u00e9cnicas de meditaci\u00f3n y principios alqu\u00edmicos, se armonizan conflictos y liberan bloqueos, ya sea en esta vida o en otras, incluyendo vidas anteriores a las del planeta Tierra. Es una herramienta muy poderosa y accesible. Nos ayuda a empoderarnos y conectar profundo con nosotrxs mismxs, impuls\u00e1ndonos a que encontremos nuestra propia medicina, desde nuestra unicidad, recordando por qu\u00e9 estamos aqu\u00ed.<\/p>\n<h2 class=\"section-title center\">LO QUE ME GUSTA<\/h2>\n<div class=\"row\">\n<div class=\"col-sm-7   col-lg-4\">\n<div class=\"service\"><i class=\"pw-icon-brush\"><\/i><\/p>\n<h4>Naturaleza<\/h4>\n<p>Colaboro con las personas para re-cordarnos y re-conocernos como Naturaleza, aprendiendo a percibir con todos los sentidos y a generar un v\u00ednculo m\u00e1s consciente y respetuoso con nuestro entorno.<\/p>\n<\/div>\n<\/div>\n<div class=\"col-sm-7   col-lg-4\">\n<div class=\"service\"><i class=\"pw-icon-beaker\"><\/i><\/p>\n<h4>Herbolaria<\/h4>\n<p>Preparaciones alqu\u00edmicas que surgen desde los cinco elementos y la teor\u00eda cu\u00e1ntica, dando cabida a una nueva propuesta de salud y gesti\u00f3n emocional, con autonom\u00eda y amor.<\/p>\n<\/div>\n<\/div>\n<div class=\"col-sm-7   col-lg-4\">\n<div class=\"service\"><i class=\"pw-icon-brush\"><\/i><\/p>\n<h4>Trazos y Pinceladas<\/h4>\n<p>Dejo que la informaci\u00f3n fluya y se transforme en trazos y pinceladas que pueda compartir, gui\u00e1ndome principalmente por las acuarelas, las plantas y la geometr\u00eda c\u00f3smica.<\/p>\n<\/div>\n<\/div>\n<\/div>\n<p style=\"text-align: center;\">\n<p style=\"text-align: left;\">\n<h2 class=\"section-title center\">TESTIMONIOS DE LA ARMONIZACI\u00d3N ALQU\u00cdMICA<\/h2>\n<div class=\"testo-group\">\n<div class=\"testo\"><img decoding=\"async\" alt=\"Rosario Chaires\" src=\"http:\/\/espiralika.com\/wp-content\/uploads\/2022\/11\/Espiralika-logotipo.png\"><\/p>\n<h4>Rosario Chaires<span>Asesora de Imagen<\/span><\/h4>\n<p>Agradezco a Alicia por compartirme la meditaci\u00f3n alqu\u00edmica porque pude profundizar muy dentro de m\u00ed y de la Madre Tierra, agarrada de la rama m\u00e1s fuerte. Ah\u00ed encontr\u00e9 perd\u00f3n y pude perdonar. San\u00e9 mucho dolor, quiero que sepan que mi hija llevaba 7 meses sin hablarme y sin dejarme ver a mi nieta, y 3 d\u00edas despu\u00e9s de la armonizaci\u00f3n, \u00a1me habl\u00f3! y ya puedo estar de nuevo con mi nieta. Estar\u00e9 eternamente agradecida con el gran ser humano que es Alicia.<\/p>\n<\/div>\n<p style=\"text-align: left;\">\n<div class=\"testo\"><img decoding=\"async\" alt=\"Graciela C.\" src=\"http:\/\/espiralika.com\/wp-content\/uploads\/2022\/11\/Espiralika-logotipo.png\"><\/p>\n<h4>Graciela C.<span>Psic\u00f3loga<\/span><\/h4>\n<p>La Armonizaci\u00f3n Alqu\u00edmica ha sido de mucha utilidad para m\u00ed, cuando la realic\u00e9 pude visualizar memorias que me estaban afectando en ese momento de mi vida , fue muy poderoso el rompimiento de decretos, experiment\u00e9 lo que es ir a diferentes l\u00edneas temporales y armonizarlas, sent\u00ed la fuerza del ritual con el fuego para eliminar las sombras y fortalecer nuevos decretos y ahora conf\u00edo m\u00e1s en mi intuici\u00f3n. Los resultados de fortaleza y convicci\u00f3n del trabajo me han acompa\u00f1ado desde entonces.<\/p>\n<\/div>\n<div class=\"testo\"><img decoding=\"async\" alt=\"Guillermo Castillo\" src=\"http:\/\/espiralika.com\/wp-content\/uploads\/2022\/11\/Espiralika-logotipo.png\"><\/p>\n<h4>Guillermo Castillo<span>Artista Pl\u00e1stico<\/span><\/h4>\n<p>Desde que hicimos la Armonizaci\u00f3n, han pasado cosas muy bonitas, a partir de ah\u00ed se sali\u00f3 un tap\u00f3n importante, y desde entonces mis enraizamientos han sido muy potentes. Eso me ha llevado a liberar m\u00e1s memorias, pidiendo ir a la memoria original, como lo hicimos en la Meditaci\u00f3n Alqu\u00edmica y purgando miedos y tristezas muy antiguos. A ra\u00edz de eso han pasado cosas maravillosas, he tenido visiones hermosas y gran conexi\u00f3n con niveles profundos de mi ser.<\/p>\n<\/div>\n<\/div>\n","protected":false},"excerpt":{"rendered":"<p>Mi conexi\u00f3n con las plantas es muy antigua, va m\u00e1s all\u00e1 de lo que yo recuerdo. Desde peque\u00f1a he sentido una fascinaci\u00f3n especial por la naturaleza y el universo. Mis abuelas siempre vivieron entre plantas (una en el campo y la otra en la ciudad), y desde peque\u00f1a tengo memorias de mi mam\u00e1 habl\u00e1ndole a&#8230; <span class=\"more\"><a class=\"more-link\" href=\"https:\/\/espiralika.com\/?page_id=857\">Continue reading <span class=\"meta-nav\">&#8594;<\/span><\/a><\/span><\/p>\n","protected":false},"author":1,"featured_media":0,"parent":0,"menu_order":0,"comment_status":"closed","ping_status":"closed","template":"template-medium_width_page.php","meta":{"om_disable_all_campaigns":false,"_mi_skip_tracking":false},"aioseo_notices":[],"_links":{"self":[{"href":"https:\/\/espiralika.com\/index.php?rest_route=\/wp\/v2\/pages\/857"}],"collection":[{"href":"https:\/\/espiralika.com\/index.php?rest_route=\/wp\/v2\/pages"}],"about":[{"href":"https:\/\/espiralika.com\/index.php?rest_route=\/wp\/v2\/types\/page"}],"author":[{"embeddable":true,"href":"https:\/\/espiralika.com\/index.php?rest_route=\/wp\/v2\/users\/1"}],"replies":[{"embeddable":true,"href":"https:\/\/espiralika.com\/index.php?rest_route=%2Fwp%2Fv2%2Fcomments&post=857"}],"version-history":[{"count":7,"href":"https:\/\/espiralika.com\/index.php?rest_route=\/wp\/v2\/pages\/857\/revisions"}],"predecessor-version":[{"id":1549,"href":"https:\/\/espiralika.com\/index.php?rest_route=\/wp\/v2\/pages\/857\/revisions\/1549"}],"wp:attachment":[{"href":"https:\/\/espiralika.com\/index.php?rest_route=%2Fwp%2Fv2%2Fmedia&parent=857"}],"curies":[{"name":"wp","href":"https:\/\/api.w.org\/{rel}","templated":true}]}}

Acerca de mí

<p><img decoding="async" loading="lazy" class="wp-image-1251 size-medium aligncenter" src="http://espiralika.com/wp-content/uploads/2022/11/WhatsApp-Image-2022-11-19-at-8.24.07-PM-283x300.jpeg" alt="" width="283" height="300" srcset="https://espiralika.com/wp-content/uploads/2022/11/WhatsApp-Image-2022-11-19-at-8.24.07-PM-283x300.jpeg 283w, https://espiralika.com/wp-content/uploads/2022/11/WhatsApp-Image-2022-11-19-at-8.24.07-PM-966x1024.jpeg 966w, https://espiralika.com/wp-content/uploads/2022/11/WhatsApp-Image-2022-11-19-at-8.24.07-PM-768x814.jpeg 768w, https://espiralika.com/wp-content/uploads/2022/11/WhatsApp-Image-2022-11-19-at-8.24.07-PM-1000x1060.jpeg 1000w, https://espiralika.com/wp-content/uploads/2022/11/WhatsApp-Image-2022-11-19-at-8.24.07-PM-500x530.jpeg 500w, https://espiralika.com/wp-content/uploads/2022/11/WhatsApp-Image-2022-11-19-at-8.24.07-PM.jpeg 1098w" sizes="(max-width: 283px) 100vw, 283px" /></p>
<h2 class="section-title center">ALICIA CHÁVEZ</h2>
<p>Mi conexión con las plantas es muy antigua, va más allá de lo que yo recuerdo. Desde pequeña he sentido una fascinación especial por la naturaleza y el universo. Mis abuelas siempre vivieron entre plantas (una en el campo y la otra en la ciudad), y desde pequeña tengo memorias de mi mamá hablándole a los rosales y otras flores. Llevo más de 10 años vinculándome con las plantas e involucrándome en temas de ecología y meditación.</p>
<p>En el 2020, mientras impartía un curso de huertos caseros, sentí la necesidad de replantearme la manera en la que me estaba vinculando con la Tierra y las plantas. Nuestra relación ha sido de mucho amor y respeto, pero en ese moment era necesario llevar esa conexión a otro nivel, a uno más consciente y profundo. Unas semanas después, haciendo una meditación en un curso de Herbolaria Alquímica, tuve interés en conectar con unos ajos que crecían en mi huerto. Me contestaron unas sábilas, y me hablaron tan amorosamente, que varias lágrimas cayeron por mis mejillas. En ese tiempo, mi huerto y mi jardín no estaban en su mejor momento, sentía que los había descuidado un poco. Les expresé (a las sábilas) cómo me sentía y ellas, cariñosa y compasivamente, me impulsaron a retomar labores en el jardín.</p>
<p>A partir de ese día mi comunicación con las plantas ha sido más continua y cercana. Me han compartido distintos mensajes, canciones, geometrías, sanaciones, meditaciones e incluso me han sugerido cursos. Mi percepción cada vez crece más, al igual que mi conexión. Cada encuentro es único, y me lleva a descubrir una parte de mi ser que antes no conocía.</p>
<p>El contacto con la (mi) Naturaleza me llevó desarrollar una meditación que yo llamo &#8220;Armonización Alquímica&#8221;, con la cual, mediante técnicas de meditación y principios alquímicos, se armonizan conflictos y liberan bloqueos, ya sea en esta vida o en otras, incluyendo vidas anteriores a las del planeta Tierra. Es una herramienta muy poderosa y accesible. Nos ayuda a empoderarnos y conectar profundo con nosotrxs mismxs, impulsándonos a que encontremos nuestra propia medicina, desde nuestra unicidad, recordando por qué estamos aquí.</p>
<h2 class="section-title center">LO QUE ME GUSTA</h2>
<div class="row">
<div class="col-sm-7   col-lg-4">
<div class="service"><i class="pw-icon-brush"></i></p>
<h4>Naturaleza</h4>
<p>Colaboro con las personas para re-cordarnos y re-conocernos como Naturaleza, aprendiendo a percibir con todos los sentidos y a generar un vínculo más consciente y respetuoso con nuestro entorno.</p>
</div>
</div>
<div class="col-sm-7   col-lg-4">
<div class="service"><i class="pw-icon-beaker"></i></p>
<h4>Herbolaria</h4>
<p>Preparaciones alquímicas que surgen desde los cinco elementos y la teoría cuántica, dando cabida a una nueva propuesta de salud y gestión emocional, con autonomía y amor.</p>
</div>
</div>
<div class="col-sm-7   col-lg-4">
<div class="service"><i class="pw-icon-brush"></i></p>
<h4>Trazos y Pinceladas</h4>
<p>Dejo que la información fluya y se transforme en trazos y pinceladas que pueda compartir, guiándome principalmente por las acuarelas, las plantas y la geometría cósmica.</p>
</div>
</div>
</div>
<p style="text-align: center;">
<p style="text-align: left;">
<h2 class="section-title center">TESTIMONIOS DE LA ARMONIZACIÓN ALQUÍMICA</h2>
<div class="testo-group">
<div class="testo"><img decoding="async" alt="Rosario Chaires" src="http://espiralika.com/wp-content/uploads/2022/11/Espiralika-logotipo.png"></p>
<h4>Rosario Chaires<span>Asesora de Imagen</span></h4>
<p>Agradezco a Alicia por compartirme la meditación alquímica porque pude profundizar muy dentro de mí y de la Madre Tierra, agarrada de la rama más fuerte. Ahí encontré perdón y pude perdonar. Sané mucho dolor, quiero que sepan que mi hija llevaba 7 meses sin hablarme y sin dejarme ver a mi nieta, y 3 días después de la armonización, ¡me habló! y ya puedo estar de nuevo con mi nieta. Estaré eternamente agradecida con el gran ser humano que es Alicia.</p>
</div>
<p style="text-align: left;">
<div class="testo"><img decoding="async" alt="Graciela C." src="http://espiralika.com/wp-content/uploads/2022/11/Espiralika-logotipo.png"></p>
<h4>Graciela C.<span>Psicóloga</span></h4>
<p>La Armonización Alquímica ha sido de mucha utilidad para mí, cuando la realicé pude visualizar memorias que me estaban afectando en ese momento de mi vida , fue muy poderoso el rompimiento de decretos, experimenté lo que es ir a diferentes líneas temporales y armonizarlas, sentí la fuerza del ritual con el fuego para eliminar las sombras y fortalecer nuevos decretos y ahora confío más en mi intuición. Los resultados de fortaleza y convicción del trabajo me han acompañado desde entonces.</p>
</div>
<div class="testo"><img decoding="async" alt="Guillermo Castillo" src="http://espiralika.com/wp-content/uploads/2022/11/Espiralika-logotipo.png"></p>
<h4>Guillermo Castillo<span>Artista Plástico</span></h4>
<p>Desde que hicimos la Armonización, han pasado cosas muy bonitas, a partir de ahí se salió un tapón importante, y desde entonces mis enraizamientos han sido muy potentes. Eso me ha llevado a liberar más memorias, pidiendo ir a la memoria original, como lo hicimos en la Meditación Alquímica y purgando miedos y tristezas muy antiguos. A raíz de eso han pasado cosas maravillosas, he tenido visiones hermosas y gran conexión con niveles profundos de mi ser.</p>
</div>
</div>

<p>Mi conexión con las plantas es muy antigua, va más allá de lo que yo recuerdo. Desde pequeña he sentido una fascinación especial por la naturaleza y el universo. Mis abuelas siempre vivieron entre plantas (una en el campo y la otra en la ciudad), y desde pequeña tengo memorias de mi mamá hablándole a&#8230; <span class="more"><a class="more-link" href="https://espiralika.com/?page_id=857">Continue reading <span class="meta-nav">&#8594;</span></a></span></p>
