{"id":1064,"date":"2015-05-19T07:14:44","date_gmt":"2015-05-19T07:14:44","guid":{"rendered":"http:\/\/themes.pixelwars.org\/editor\/?page_id=1064"},"modified":"2023-04-10T21:01:09","modified_gmt":"2023-04-11T02:01:09","slug":"resume","status":"publish","type":"page","link":"https:\/\/espiralika.com\/?page_id=1064","title":{"rendered":"ESTUDIOS Y PROYECTOS"},"content":{"rendered":"<div class=\"row\">\n<div class=\"col-sm-7   \">\n<div class=\"timeline\"><\/div>\n<div class=\"event\">\n<h2>PROYECTOS<\/h2>\n<p><i class=\"pw-icon-bookmark-empty\"><\/i><\/div>\n<div class=\"event \"><span class=\"date\"><\/span><\/p>\n<h4>Espiralika<\/h4>\n<h5>Fundadora<\/h5>\n<p>Proyecto que promueve la Herbolaria desde una mirada Elemental y Cu\u00e1ntica, impulsando una comunicaci\u00f3n directa con la Naturaleza. <\/p>\n<\/div>\n<div class=\"event \"><span class=\"date\"><\/span><\/p>\n<h4>Pazyflora<\/h4>\n<h5>Co-fundadora<\/h5>\n<p>Empresa enfocada en impulsar la cultura de los huertos caseros y el uso de plantas para el bienestar.<\/p>\n<\/div>\n<div class=\"event \"><span class=\"date\"><\/span><\/p>\n<h4>Bicim\u00e1quinas<\/h4>\n<h5>Co-fundadora<\/h5>\n<p>Empresa de eco-tecnolog\u00eda dedicada al desarrollo y fabricaci\u00f3n de m\u00e1quinas impulsadas a pedales.<\/p>\n<\/div>\n<div class=\"event \"><span class=\"date\"><\/span><\/p>\n<h4>Hoja Fresca, Centro Ecol\u00f3gico Casa de \u00c1ngeles<\/h4>\n<h5>Colaboradora<\/h5>\n<p>Proyectos dedicados a la producci\u00f3n de hortaliza org\u00e1nica y al cultivo de plantas arom\u00e1ticas. <\/p>\n<\/div>\n<div class=\"event \"><span class=\"date\"><\/span><\/p>\n<h4>Consultora de edici\u00f3n<\/h4>\n<h5>Del Libro Plantas que Curan<\/h5>\n<p>De Gustavo H. Campos\/ UMAC San Crist\u00f3bal.<\/p>\n<\/div>\n<div class=\"event \"><span class=\"date\"><\/span><\/p>\n<h4>La Ch\u00eda Restaurant<\/h4>\n<h5>Co-fundadora<\/h5>\n<p>Espacio enfocado en comida vegetariana y consumo responsable.<\/p>\n<\/div>\n<div class=\"event\">\n<h2>ESTUDIOS<\/h2>\n<p><i class=\"pw-icon-graduation-cap\"><\/i><\/div>\n<div class=\"event \"><span class=\"date\"><\/span><\/p>\n<h4>Maestra en Agricultura Ecol\u00f3gica<\/h4>\n<h5>Instituto Internacional de Formaci\u00f3n Ambiental (Espa\u00f1a).<\/h5>\n<p>.<\/p>\n<\/div>\n<div class=\"event \"><span class=\"date\"><\/span><\/p>\n<h4>Ingeniera en Sistemas Electr\u00f3nicos<\/h4>\n<h5>Instituto Tecnol\u00f3gico y de Estudios Superiores de Monterrey<\/h5>\n<p>.<\/p>\n<\/div>\n<div class=\"event \"><span class=\"date\"><\/span><\/p>\n<h4>Cursos<\/h4>\n<h5>\n<p>Alquimia Vegetal, Medicina Intuitiva de las Plantas, Transformaci\u00f3n Educativa, Econom\u00eda Ecol\u00f3gica, Agricultura Biodin\u00e1mica, Microbiolog\u00eda y Permacultura.<\/h5>\n<p>.<\/p>\n<\/div>\n<\/div>\n<div class=\"col-sm-5   \">\n<h2 class=\"section-title \">HABILIDADES<\/h2>\n<div class=\"skillset\"><\/div>\n<div class=\"skill-unit\">\n<h4>Comunicaci\u00f3n con la Naturaleza<\/h4>\n<div class=\"bar\" data-percent=\":)\">\n<div class=\"progress\"><\/div>\n<\/div>\n<\/div>\n<div class=\"skill-unit\">\n<h4>Conexi\u00f3n C\u00f3smica<\/h4>\n<div class=\"bar\" data-percent=\":)\">\n<div class=\"progress\"><\/div>\n<\/div>\n<\/div>\n<div class=\"skill-unit\">\n<h4>Armonizaci\u00f3n Alqu\u00edmica<\/h4>\n<div class=\"bar\" data-percent=\":)\">\n<div class=\"progress\"><\/div>\n<\/div>\n<\/div>\n<h2 class=\"section-title \">TESTIMONIOS DE ARMONIZACI\u00d3N ALQU\u00cdMICA<\/h2>\n<div class=\"testo-group\">\n<div class=\"testo\"><img decoding=\"async\" alt=\"Rosario Ch\u00e1vez\" src=\"http:\/\/espiralika.com\/wp-content\/uploads\/2022\/11\/Espiralika-logotipo.png\"><\/p>\n<h4>Rosario Ch\u00e1vez<span>Asesora de Imagen<\/span><\/h4>\n<p>Agradezco a Alicia por compartirme la meditaci\u00f3n alqu\u00edmica porque pude profundizar muy dentro de m\u00ed y de la Madre Tierra, agarrada de la rama m\u00e1s fuerte. Ah\u00ed encontr\u00e9 perd\u00f3n y pude perdonar. San\u00e9 mucho dolor, quiero que sepan que mi hija llevaba 7 meses sin hablarme y sin dejarme ver a mi nieta, y 3 d\u00edas despu\u00e9s de la armonizaci\u00f3n, \u00a1me habl\u00f3! y ya puedo estar de nuevo con mi nieta. Estar\u00e9 eternamente agradecida con el gran ser humano que es Alicia.<\/p>\n<\/div>\n<div class=\"testo\"><img decoding=\"async\" alt=\"Gracia Corkidi\" src=\"http:\/\/espiralika.com\/wp-content\/uploads\/2022\/11\/Espiralika-logotipo.png\"><\/p>\n<h4>Gracia Corkidi<span>Psic\u00f3loga<\/span><\/h4>\n<p>La Armonizaci\u00f3n Alqu\u00edmica ha sido de mucha utilidad para m\u00ed, cuando la realic\u00e9 pude visualizar memorias que me estaban afectando en ese momento de mi vida , fue muy poderoso el rompimiento de decretos, experiment\u00e9 lo que es ir a diferentes l\u00edneas temporales y armonizarlas, sent\u00ed la fuerza del ritual con el fuego para eliminar las sombras y fortalecer nuevos decretos y ahora conf\u00edo m\u00e1s en mi intuici\u00f3n. Los resultados de fortaleza y convicci\u00f3n del trabajo me han acompa\u00f1ado desde entonces.<\/p>\n<\/div>\n<div class=\"testo\"><img decoding=\"async\" alt=\"Guillermo Castellanos\" src=\"http:\/\/espiralika.com\/wp-content\/uploads\/2022\/11\/Espiralika-logotipo.png\"><\/p>\n<h4>Guillermo Castellanos<span>Artista Pl\u00e1stico<\/span><\/h4>\n<p>Desde que hicimos la Armonizaci\u00f3n, han pasado cosas muy bonitas, a partir de ah\u00ed se sali\u00f3 un tap\u00f3n importante, y desde entonces mis enraizamientos han sido muy potentes. Eso me ha llevado a liberar m\u00e1s memorias, pidiendo ir a la memoria original, como lo hicimos en la Meditaci\u00f3n Alqu\u00edmica y purgando miedos y tristezas muy antiguos. A ra\u00edz de eso han pasado cosas maravillosas, he tenido visiones hermosas y gran conexi\u00f3n con niveles profundos de mi ser.<\/p>\n<\/div>\n<\/div>\n<\/div>\n<\/div>\n","protected":false},"excerpt":{"rendered":"","protected":false},"author":1,"featured_media":0,"parent":0,"menu_order":0,"comment_status":"closed","ping_status":"closed","template":"template-medium_width_page.php","meta":{"om_disable_all_campaigns":false,"_mi_skip_tracking":false},"aioseo_notices":[],"_links":{"self":[{"href":"https:\/\/espiralika.com\/index.php?rest_route=\/wp\/v2\/pages\/1064"}],"collection":[{"href":"https:\/\/espiralika.com\/index.php?rest_route=\/wp\/v2\/pages"}],"about":[{"href":"https:\/\/espiralika.com\/index.php?rest_route=\/wp\/v2\/types\/page"}],"author":[{"embeddable":true,"href":"https:\/\/espiralika.com\/index.php?rest_route=\/wp\/v2\/users\/1"}],"replies":[{"embeddable":true,"href":"https:\/\/espiralika.com\/index.php?rest_route=%2Fwp%2Fv2%2Fcomments&post=1064"}],"version-history":[{"count":5,"href":"https:\/\/espiralika.com\/index.php?rest_route=\/wp\/v2\/pages\/1064\/revisions"}],"predecessor-version":[{"id":1466,"href":"https:\/\/espiralika.com\/index.php?rest_route=\/wp\/v2\/pages\/1064\/revisions\/1466"}],"wp:attachment":[{"href":"https:\/\/espiralika.com\/index.php?rest_route=%2Fwp%2Fv2%2Fmedia&parent=1064"}],"curies":[{"name":"wp","href":"https:\/\/api.w.org\/{rel}","templated":true}]}}

<div class="row">
<div class="col-sm-7   ">
<div class="timeline"></div>
<div class="event">
<h2>PROYECTOS</h2>
<p><i class="pw-icon-bookmark-empty"></i></div>
<div class="event "><span class="date"></span></p>
<h4>Espiralika</h4>
<h5>Fundadora</h5>
<p>Proyecto que promueve la Herbolaria desde una mirada Elemental y Cuántica, impulsando una comunicación directa con la Naturaleza. </p>
</div>
<div class="event "><span class="date"></span></p>
<h4>Pazyflora</h4>
<h5>Co-fundadora</h5>
<p>Empresa enfocada en impulsar la cultura de los huertos caseros y el uso de plantas para el bienestar.</p>
</div>
<div class="event "><span class="date"></span></p>
<h4>Bicimáquinas</h4>
<h5>Co-fundadora</h5>
<p>Empresa de eco-tecnología dedicada al desarrollo y fabricación de máquinas impulsadas a pedales.</p>
</div>
<div class="event "><span class="date"></span></p>
<h4>Hoja Fresca, Centro Ecológico Casa de Ángeles</h4>
<h5>Colaboradora</h5>
<p>Proyectos dedicados a la producción de hortaliza orgánica y al cultivo de plantas aromáticas. </p>
</div>
<div class="event "><span class="date"></span></p>
<h4>Consultora de edición</h4>
<h5>Del Libro Plantas que Curan</h5>
<p>De Gustavo H. Campos/ UMAC San Cristóbal.</p>
</div>
<div class="event "><span class="date"></span></p>
<h4>La Chía Restaurant</h4>
<h5>Co-fundadora</h5>
<p>Espacio enfocado en comida vegetariana y consumo responsable.</p>
</div>
<div class="event">
<h2>ESTUDIOS</h2>
<p><i class="pw-icon-graduation-cap"></i></div>
<div class="event "><span class="date"></span></p>
<h4>Maestra en Agricultura Ecológica</h4>
<h5>Instituto Internacional de Formación Ambiental (España).</h5>
<p>.</p>
</div>
<div class="event "><span class="date"></span></p>
<h4>Ingeniera en Sistemas Electrónicos</h4>
<h5>Instituto Tecnológico y de Estudios Superiores de Monterrey</h5>
<p>.</p>
</div>
<div class="event "><span class="date"></span></p>
<h4>Cursos</h4>
<h5>
<p>Alquimia Vegetal, Medicina Intuitiva de las Plantas, Transformación Educativa, Economía Ecológica, Agricultura Biodinámica, Microbiología y Permacultura.</h5>
<p>.</p>
</div>
</div>
<div class="col-sm-5   ">
<h2 class="section-title ">HABILIDADES</h2>
<div class="skillset"></div>
<div class="skill-unit">
<h4>Comunicación con la Naturaleza</h4>
<div class="bar" data-percent=":)">
<div class="progress"></div>
</div>
</div>
<div class="skill-unit">
<h4>Conexión Cósmica</h4>
<div class="bar" data-percent=":)">
<div class="progress"></div>
</div>
</div>
<div class="skill-unit">
<h4>Armonización Alquímica</h4>
<div class="bar" data-percent=":)">
<div class="progress"></div>
</div>
</div>
<h2 class="section-title ">TESTIMONIOS DE ARMONIZACIÓN ALQUÍMICA</h2>
<div class="testo-group">
<div class="testo"><img decoding="async" alt="Rosario Chávez" src="http://espiralika.com/wp-content/uploads/2022/11/Espiralika-logotipo.png"></p>
<h4>Rosario Chávez<span>Asesora de Imagen</span></h4>
<p>Agradezco a Alicia por compartirme la meditación alquímica porque pude profundizar muy dentro de mí y de la Madre Tierra, agarrada de la rama más fuerte. Ahí encontré perdón y pude perdonar. Sané mucho dolor, quiero que sepan que mi hija llevaba 7 meses sin hablarme y sin dejarme ver a mi nieta, y 3 días después de la armonización, ¡me habló! y ya puedo estar de nuevo con mi nieta. Estaré eternamente agradecida con el gran ser humano que es Alicia.</p>
</div>
<div class="testo"><img decoding="async" alt="Gracia Corkidi" src="http://espiralika.com/wp-content/uploads/2022/11/Espiralika-logotipo.png"></p>
<h4>Gracia Corkidi<span>Psicóloga</span></h4>
<p>La Armonización Alquímica ha sido de mucha utilidad para mí, cuando la realicé pude visualizar memorias que me estaban afectando en ese momento de mi vida , fue muy poderoso el rompimiento de decretos, experimenté lo que es ir a diferentes líneas temporales y armonizarlas, sentí la fuerza del ritual con el fuego para eliminar las sombras y fortalecer nuevos decretos y ahora confío más en mi intuición. Los resultados de fortaleza y convicción del trabajo me han acompañado desde entonces.</p>
</div>
<div class="testo"><img decoding="async" alt="Guillermo Castellanos" src="http://espiralika.com/wp-content/uploads/2022/11/Espiralika-logotipo.png"></p>
<h4>Guillermo Castellanos<span>Artista Plástico</span></h4>
<p>Desde que hicimos la Armonización, han pasado cosas muy bonitas, a partir de ahí se salió un tapón importante, y desde entonces mis enraizamientos han sido muy potentes. Eso me ha llevado a liberar más memorias, pidiendo ir a la memoria original, como lo hicimos en la Meditación Alquímica y purgando miedos y tristezas muy antiguos. A raíz de eso han pasado cosas maravillosas, he tenido visiones hermosas y gran conexión con niveles profundos de mi ser.</p>
</div>
</div>
</div>
</div>
